3*j + 3*q = j + 11. What are the prime factors of h(j)?
7
Let u be 6/1*1 + -1. Suppose -40 = -u*r + 65. What are the prime factors of (1 - r)*(-2)/4?
2, 5
Suppose -190 + 30 = -q. What are the prime factors of q?
2, 5
Suppose 5*t - 492 = -5*c - 122, 163 = 2*t - c. What are the prime factors of t?
79
Suppose s = 5*u - 1140, 0*s - 468 = -2*u - 2*s. List the prime factors of u.
229
Let c(a) = -a + 85. List the prime factors of c(0).
5, 17
Suppose -13*b + 8*b = -15. Suppose -5*n + 96 = b*z, -5*z + 5*n + 193 = 33. List the prime factors of z.
2
Let k = -32 - -23. Let g = k + 19. What are the prime factors of g?
2, 5
Let b(h) = -h**2 + 5*h - 2. Let d be b(4). Let g be d/(1 - 3)*-5. List the prime factors of (-2)/g - (-34)/10.
3
Let n(h) be the second derivative of h**4/2 - 2*h**3/3 + h**2 + 10*h. Suppose -2*j = -6*j + 8. List the prime factors of n(j).
2, 3
Suppose 4*w = -4*d - 0*w + 44, -3*d = -2*w - 33. List the prime factors of d.
11
Suppose 0*b + 2*b = -2. Let u be (2 + (4 - b))*-1. Let w = -5 - u. List the prime factors of w.
2
Let u(z) = 7*z**3 - 3*z**2 + z. List the prime factors of u(2).
2, 23
Let z be (6/(-10))/(1/(-15)). What are the prime factors of (4 + -6)*z/(-6)?
3
Let d(r) = r + 111. Let q be d(0). Suppose -3*p + 2*m = -62, 0 = -0*p + 4*p + 3*m - q. List the prime factors of 5*(p/15 - 1).
3
List the prime factors of (-2 + (-49 - 0))*(-2 + 1).
3, 17
Suppose 0 = 2*k - 2 - 2. Let r be (1 - k)*1/(-1). List the prime factors of (-1)/(r + (-10)/9).
3
Suppose 3*d + q - 47 = 0, -q - 31 = -2*d + 2. Suppose -d = 2*u - 4*u. Let t = u - -3. List the prime factors of t.
11
List the prime factors of (-17)/51 - 2/6*-184.
61
Suppose -5 = 4*x - 3*f, -2*x - 4*f - f = -17. Let c = x - -8. List the prime factors of c.
3
Let j = -4 + 6. Let l be j/(-4) - (-10)/4. Suppose -l*m = m - 15. What are the prime factors of m?
5
Suppose 16*i - 1690 = 6*i. What are the prime factors of i?
13
Let v = 9 + -4. Suppose -3*l + 4*p = -18, 4 = v*l + p + p. Suppose j + 12 = 4*j - l*h, -3*j = -4*h - 6. List the prime factors of j.
2, 3
Let y(p) = p + 5. Let t be y(-8). Let w(o) = -o**3 - 2*o + 1. What are the prime factors of w(t)?
2, 17
Let n = -19 - -12. Let s(z) = 6*z - 1. Let x be s(2). Let y = x + n. What are the prime factors of y?
2
Suppose -3*n = -2*n - 4. Suppose 6 - 54 = -n*p. What are the prime factors of p?
2, 3
Let b = -14 + 18. Suppose 0 = -b*x + 2*x + 8. List the prime factors of x.
2
Suppose -4*u + 2*u = -88. Suppose 5*i - u = 6. List the prime factors of i.
2, 5
Let r be -2 + 0*1/3. What are the prime factors of r/6 - (-170)/15?
11
Suppose -2*g - 2*g + 4*x = -28, -15 = 5*x. Suppose g*n + n = 20. What are the prime factors of n?
2
Suppose -26 = -0*u - 2*u + 2*r, -4*r + 4 = 3*u. Let h = u + -8. List the prime factors of (7 - h)*(-2)/(-7).
2
Suppose -10 = -3*q - 2*k, -5*q + 2*k = 7*k - 25. Suppose 0 = -7*u + 4*u + 5*t + 14, q = -3*u + 3*t + 12. What are the prime factors of u?
3
Let t = 1 - -2. Suppose 2*w - t = -0*w + 3*v, 5*w + v - 16 = 0. What are the prime factors of (3 - w) + 1*6?
2, 3
What are the prime factors of 8/36 - 662/(-18)?
37
Let b = -1 + 1. Suppose m - 100 = -3*m. Suppose b*y + m = 5*y. List the prime factors of y.
5
Suppose 241 = 5*h + 36. What are the prime factors of h?
41
Suppose 5*p - 48 = 12. Let b be p/4*2/3. Suppose -k = -5*k - b*x + 24, -3*k = -3*x - 27. List the prime factors of k.
7
Suppose -2*f - 16 + 124 = 0. What are the prime factors of f?
2, 3
Let r(k) = 5 - k**2 + 2*k**2 - 2*k**2 + k. List the prime factors of r(0).
5
Suppose 3*x = 4*m + 66, 0 = -x - x - 5*m + 67. Suppose x = o + o. Suppose 4*n = l - o, -2*l - 9 = 4*n - 35. List the prime factors of l.
13
Suppose 3*w = -r + 15, w + 0*w - r = 5. Let h = -1 + w. What are the prime factors of h?
2
Suppose 0 = n + 5*k - 16, -4*k + 26 = 3*n - 0*n. Suppose 2*w - 3*c = n, 5*w - 27 + 12 = 2*c. What are the prime factors of w?
3
Let p = -7 - -42. List the prime factors of p.
5, 7
Let d(y) = -5*y - 14. Suppose 3*m + 22 = -2*c, -4*m - 3*c = -7*c + 16. What are the prime factors of d(m)?
2
List the prime factors of (6*1)/((-26)/(-559)).
3, 43
Let g(i) = -8*i. Let j(t) = -9*t. Let r(m) = -7*g(m) + 6*j(m). List the prime factors of r(4).
2
Let z(s) = 12*s**2 - 8*s + 7. List the prime factors of z(3).
7, 13
What are the prime factors of 48/4 - (1 - (0 - 1))?
2, 5
Let a(m) = -4*m - 4. Suppose -2*f + 3*y - 8 = 0, -2*f + 3*y = 3*f + 2. Let x be (6/9 - f)*3. What are the prime factors of a(x)?
2, 3
Suppose 4*j = 96 - 16. Suppose 2*w - j = -2*w. What are the prime factors of w?
5
Let z = 3 - 2. Let m be (-6)/(-4 - -1) - 1. Let d = z + m. What are the prime factors of d?
2
Suppose 238 = 5*m - 402. Suppose 28 = -5*n + m. List the prime factors of n.
2, 5
Suppose 6 = 3*d - 0. Suppose 3*c = -2*q + 12 + 1, -d*q = -5*c - 21. List the prime factors of q.
2
Let s = -3 + 6. Suppose 0 = s*n - 3 - 15. List the prime factors of ((-8)/(-3))/(n/9).
2
Suppose 0*z = 3*t - 5*z + 25, 5*t + 4*z - 20 = 0. Suppose 4*s + k - 12 = 0, 2*s - 4*s - 3*k + 6 = t. Suppose -2*i + 10 = s*i. List the prime factors of i.
2
Let q(w) = 4*w**2 + 17*w + 8. List the prime factors of q(-9).
179
Suppose -4*x - 3*b = -210, 4*x + b = 4*b + 222. What are the prime factors of x?
2, 3
Let h(w) = 2*w + 8. Let f be h(-7). Let y(g) be the first derivative of -g**2/2 - g - 4. What are the prime factors of y(f)?
5
Suppose 5*r + 1 = 31. Let k = 8 - r. What are the prime factors of k?
2
Let h = -184 + 288. What are the prime factors of h?
2, 13
Suppose -y - 4*d = -7, -3*y + 3*d + 1 = -5. Let x = 0 - -2. Suppose y*q = x + 4. What are the prime factors of q?
2
Let y = 79 - 35. List the prime factors of y.
2, 11
Suppose 0 = 4*b + 16, 145 + 73 = 2*u + 5*b. List the prime factors of u.
7, 17
Suppose 0*h = -4*h + 3*w + 116, -4*w = 0. What are the prime factors of h?
29
Let d = 69 + -30. What are the prime factors of d?
3, 13
Suppose -p - 266 = -0*y - 3*y, y + 2*p - 98 = 0. What are the prime factors of y?
2, 3, 5
Let f(r) = -r**3 + 8*r**2 - 8*r. Let c be f(6). Suppose 4*d + 5*m = 77, 3*d - 3*m = -0*m + c. What are the prime factors of d?
13
Suppose 0 = -2*u - 5*f + 24, 3*f = -u - 4*u + 41. Let t(k) = k**2 - 7*k + 4. Let d be t(6). What are the prime factors of (48/(-28))/(d/u)?
2, 3
Let p be 1/(-1)*(-1 - 4). Let s = -4 - p. Let o = s + 20. List the prime factors of o.
11
Let r be (-1 - 5)/(-3) + 1. Suppose 8*k - 4 = 7*k. Suppose -62 = -k*p - r*u, p + 4*u = u + 20. List the prime factors of p.
2, 7
Suppose 2 + 7 = 3*v, -4*s + 34 = -2*v. Let r = s + -7. What are the prime factors of r?
3
Suppose 3*d = 2*k + 21, 3*d - 10 = d. Let y = -74 + 81. Let a = y + k. What are the prime factors of a?
2
Let t be (-1 + 2 + 0)*0. Suppose t = -5*d - x + 39, -4*d - 4*x = -x - 29. Suppose 5*k = 3*q + d, 3*q - 8 = -2*k + 12. List the prime factors of k.
2
Suppose 15 + 0 = -5*j. Let l = j + 8. Let f = -2 + l. List the prime factors of f.
3
Suppose -4*l - 3*a = -95 + 20, 5*l = 5*a + 85. List the prime factors of l.
2, 3
Suppose -40 = -4*x - 0*x. What are the prime factors of x?
2, 5
Suppose 7*n - 20 = 2*n. Suppose 86 = n*q + 2*y, 2*y = -y + 15. What are the prime factors of q?
19
Let k = 17 + -14. Suppose -2*x = k*x - 100. List the prime factors of x.
2, 5
Let m = -3 - -6. Suppose m = 3*y - 3*w - 27, 4*y - 25 = w. What are the prime factors of y?
5
Let k be 2*(-2)/4 - 5. Let i = 8 + k. List the prime factors of 19/i + 4/8.
2, 5
Let d(k) = k**2 - 3*k - 9. What are the prime factors of d(-4)?
19
Let p(y) = -2*y**2 + y - 1. Let o be p(1). Let x be o - ((-3)/(-3) - 6). Let z = x + 0. What are the prime factors of z?
3
Let t(o) = 7*o**3 + 5*o**2. Let s(n) = -4*n**3 - 3*n**2. Let i(u) = -5*s(u) - 3*t(u). Let w be (-48)/26 - 4/26. List the prime factors of i(w).
2
Let f = -350 - -504. What are the prime factors of f?
2, 7, 11
Suppose 2*f - 2*k + 334 = 4*f, 0 = -2*f + 2*k + 334. What are the prime factors of f?
167
Suppose -2*q = -5*q + 12. Suppose 6*a - 4*a - q = 0. Suppose -3*y + 26 = -a*h - 8, y = h + 10. What are the prime factors of y?
2, 7
Suppose 0 = -5*v + 287 + 243. Suppose -22 + v = 4*u. What are the prime factors of u?
3, 7
Suppose 1207 = 7*n - 11. List the prime factors of n.
2, 3, 29
Suppose 3*s + 5 = 32. Let h(g) = -3*g**2 - 7*g + 2. Let o(t) = 13*t**2 + 27*t - 9. L